e number?
True
Let p(l) = 16*l**2 + 2*l + 3. Is p(-4) composite?
False
Let c(i) = -i**2 + 6*i - 4. Suppose 0 = -3*k + 10 - 1. Let j be c(k). Suppose -v + j*v = 124. Is v composite?
False
Is 24/(-36)*(-1110)/4 a composite number?
True
Let t(o) = -o**2 + 11*o - 5. Let f be t(10). Suppose 8*b - 1023 = f*b. Is b a prime number?
False
Let h be 6/27 - (-4)/(-18). Is (2 - h) + 132/4 prime?
False
Suppose 4*x - 17 = -5*h, 3*h + 4 = 2*x + 1. Suppose -x*s = -5*n + 7, 3*n + 2*s - 7 = s. Suppose 3*b - 544 = -4*l - n*b, b = l - 127. Is l prime?
True
Let v(m) be the third derivative of m**5/60 + m**4/24 + 13*m**3/3 - 3*m**2. Is v(0) a composite number?
True
Let c(s) = s**3 - 13*s**2 + s - 15. Let a be c(13). Is (373/a)/((-1)/2) a composite number?
False
Let w(j) = j + 11. Let c be w(-6). Let b(x) = 3*x**2 - 4*x. Is b(c) prime?
False
Let o(h) = -h**2 - 17*h + 17. Is o(-12) prime?
False
Let y = 48 + 101. Is y a prime number?
True
Let b = -21 + 29. Is ((-8)/6)/(b/(-84)) prime?
False
Let d = 58 + -27. Is d a composite number?
False
Let r = 5247 + -2774. Is r a prime number?
True
Let a = 9 + -9. Let u(x) = 10*x**2 - 3*x. Let o be u(-5). Suppose c + 4*c - o = a. Is c composite?
False
Let q = -248 + -121. Is (-3)/(3/q*3) a prime number?
False
Let g(n) be the first derivative of 5*n**3/3 - 2*n**2 - 4*n + 1. Is g(-3) a composite number?
False
Suppose 0 = -3*g + 3*t + 714, 0*t + t + 712 = 3*g. Let z = -118 - -185. Suppose 3*w + g = 5*h + z, -2*h + 4*w = -82. Is h composite?
False
Suppose 5*c - 4*j = 587, 0 = -0*c - 5*c - j + 597. Is c prime?
False
Let j = 1414 + 397. Is j composite?
False
Let m(c) be the first derivative of 3 + 13*c + 1/2*c**2. Is m(9) prime?
False
Let b = 15 + -11. Suppose -2*h + 3*h - b = 0, h = 2*n - 2. Suppose 0 = -n*c + 234 - 75. Is c a prime number?
True
Let w be 2/7 - 52/(-14). Suppose w*z - 25 = -z. Suppose 4*b = 3*j + 476, z*b - 595 = 4*j + j. Is b a prime number?
False
Let l(n) = n**3 + 4*n**2 - 8*n + 4. Let w be l(-6). Let q = 2 + 49. Let r = q + w. Is r a composite number?
False
Suppose -7*s + 2690 - 163 = 0. Is s a composite number?
True
Let f be 22*(2 + (-9)/6). Let z = f + 26. Is z composite?
False
Let q = -6 + 8. Let p(g) = -g**3 - 8*g**2 - 2. Let d be p(-8). Is 16 + (-2 - d - q) a composite number?
True
Let c = 1672 + -626. Is c a prime number?
False
Let a(w) = 3*w + 3. Is a(10) composite?
True
Suppose 0 = 3*h - 188 - 343. Is h composite?
True
Let m be (2/(-6))/(2/(-6)). Suppose k = -m + 7. Suppose 48 = 4*n + n - p, -2*p = k. Is n prime?
False
Suppose 2*a + 3 = 3*a. Suppose a*q + j = -q - 6, -4*j = 4*q. Is q/3 + 177/9 prime?
True
Is 4506/(-4)*(-32)/48 a prime number?
True
Let k be 12*((-24)/9 - -3). Suppose -14 = -k*a - 2. Is a a composite number?
False
Suppose 3*y + 4 = -2, -5*q = -3*y - 751. Is q a composite number?
False
Let b = -6 + 7. Let y be b + (-6)/(2 - 4). Suppose q + 5*r = 75, y*q - r = 4*r + 200. Is q composite?
True
Let l be (-1)/(-5) - 18/15. Let d be l + (2 - (1 - -775)). Is (-2)/3 - d/15 composite?
True
Suppose -3*c - 6 = -0*c. Let m be (-1 - -5)*(-3)/c. Suppose 177 = -x + m*x + t, 2*x + 5*t - 80 = 0. Is x composite?
True
Suppose 5 = -5*d, 0 = -5*n - 4*d - 4 - 10. Suppose -4*b - 4 = 2*z + 80, 132 = -4*z + b. Is 2 - 3 - z - n prime?
False
Let r be 12/9*48/(-1). Is -4*(-3)/(-6) - r composite?
True
Suppose 2*o - 6 = 6. Let d(g) = -g + 4. Let i be d(o). Is (79/(-2))/(1/i) a composite number?
False
Let d(q) = -2*q**2 - 3*q - 2. Let s be d(3). Let p = s + 53. Let h = p - 14. Is h composite?
True
Let j(n) = -n**2 - n + 6. Suppose -5*u - 27 = -0*r - 2*r, -4*r - 6 = 2*u. Let g be j(u). Is (-4)/g - 6648/(-56) composite?
True
Let x be (3 - 1) + 18/(-1). Let p be 4/x + 326/(-8). Let o = p - -76. Is o composite?
True
Let y be -102*((-93)/9 - -4). Suppose 1699 = 5*w - y. Is w a prime number?
False
Let c be (-4)/3*(0 - -6). Let l = -5 - c. Is l a prime number?
True
Let x be 307/4 - 2/(-8). Let f = x - 44. Is f a prime number?
False
Suppose -2*f - 12 - 35 = 3*r, 15 = -r - f. Let b = 4 + r. Let g = b - -66. Is g a composite number?
False
Let t(h) = -h**2 + 4. Let g be t(-4). Let m be (-45)/g*40/3. Let q = m + -27. Is q a prime number?
True
Let p = 16 - -14. Let h = p + 59. Is h a composite number?
False
Let k(y) = -137*y - 36. Is k(-11) a composite number?
False
Let o be (-4)/(-6)*6/1. Let i be ((-8)/12)/(o/(-6)). Is (i/2)/(-1)*-134 composite?
False
Suppose 2*o + 44786 = 16*o. Is o a composite number?
True
Let q be (-4)/6 - 4720/12. Let f = 182 + q. Is f/(-8)*1*2 a composite number?
False
Let u(t) = -72*t - 2. Let w be u(2). Let m be 16/6*(1 - w). Let i = 655 - m. Is i a composite number?
False
Let g be 3 + (2 - -1 - 1). Let w(u) be the first derivative of 5*u**3/3 - u**2 - 2*u - 1. Is w(g) a prime number?
True
Let o = 266 - -183. Is o a prime number?
True
Let z = 504 + -292. Let b = -85 + z. Is b a prime number?
True
Suppose -2*l = -0*l + 44. Let k = l - -7. Is 1610/k*6/(-4) a prime number?
False
Let m(u) = -u**3 + 4*u**2 - 8*u - 9. Let g be m(-6). Suppose 5*h - g = -4. Is h a composite number?
False
Let u(w) = 8*w**3 - 3*w**2 - 3*w - 1. Let n be 3/(-6)*(5 + -1). Let y be u(n). Let q = -16 - y. Is q composite?
True
Suppose -v - 2*g = 62 + 5, 0 = 4*g - 12. Let h = v - -124. Is h composite?
True
Let i(n) = -19*n + 4. Let d(p) be the second derivative of -16*p**3 + 10*p**2 - p. Let v(a) = 2*d(a) - 11*i(a). Is v(3) prime?
True
Suppose 2*b = 4*y - b + 4, -5*b = 0. Let j = 0 + y. Let k = 12 + j. Is k a prime number?
True
Let c be 4/6 - (-5332)/12. Suppose z + 4*z = c. Is z a composite number?
False
Let a = -2 + 15. Suppose m - a = 8. Is m a composite number?
True
Suppose -3*q = 3*b - 36, 3*q + 8 - 23 = 0. Let n(d) = 6*d**2 - 7*d - 10. Is n(b) composite?
True
Let t = 1 - 1. Suppose t = a - 4*a + 9. Is a a prime number?
True
Let t = -33 - -164. Is t a composite number?
False
Let a = 7 - -2. Is (-2338)/(-6) - (-12)/a prime?
False
Suppose 0 = -f - 3*f - 4, 2*k + 2*f = 240. Is k composite?
True
Let q(o) be the first derivative of -3*o**5/20 - o**4/6 + o**3/2 + 3*o**2/2 + o - 1. Let t(s) be the first derivative of q(s). Is t(-2) a composite number?
False
Suppose -9*m = -m - 272. Is m prime?
False
Suppose 0 = -17*c + 8*c + 10035. Is c a composite number?
True
Let v(i) = i**2 - 2*i + 3. Let d be v(2). Let k be 8/(-6)*6/(-4). Suppose -d*x + k*y - 148 = -7*x, -148 = -4*x + y. Is x a composite number?
False
Suppose 597 = -3*d + 4*d. Is d a composite number?
True
Suppose 0 = -5*b - 3*u + 1274, 4*b - 568 = -5*u + 459. Is b a composite number?
True
Let s be -2*(-1)/(-2) + 87. Let j = s + -15. Is j a prime number?
True
Suppose -4*q + 3 = -5. Is (-47)/((-3)/(1 + q)) a composite number?
False
Let c = -3 - 5. Let g(b) = -7*b - 1. Is g(c) a prime number?
False
Suppose -233 = -4*g + 27. Let k = 48 + g. Is k prime?
True
Suppose -107 = 3*l - 2012. Is l a prime number?
False
Let q(o) = 12*o**2 - 8*o - 33. Is q(10) a composite number?
False
Suppose 0 = c - 3*w - 20 + 132, 2*w = -c - 102. Let i = 165 + c. Is i composite?
False
Let h = 10 + -7. Let q(r) = -h + 0 - 4*r + 11*r + 7*r. Is q(2) composite?
True
Let w = -5 - -3. Let a = 2 - w. Let m = 27 + a. Is m a prime number?
True
Suppose -i = 5*n, n - 5*n = -4*i. Suppose 130 = -5*x - n*x. Is (-2986)/x + 4/26 a composite number?
True
Suppose -3*f - 2*f = -15. Let u be -134*3*2/(-3). Suppose -131 = -f*l + u. Is l composite?
True
Let q = -203 - -414. Is q a prime number?
True
Suppose -3*f + 4*f = 0. Suppose 0 = -4*b - f*b + 140. Is b a composite number?
True
Suppose 4*r - 1173 = -m, 1 = 3*m - 2. Is r a prime number?
True
Let f(o) = o**3 - 6*o**2 + 4*o - 5. Let j be f(6). Let h = 63 + j. Is h composite?
True
Let x = 162 - 104. Suppose -3*j + p + x = -3*p, -5*j = -5*p - 95. Suppose 167 + j = m. Is m composite?
True
Suppose 68 = 2*n - 2*r - 2*r, n - 5*r = 40. Suppose -3*b - 30 = -0*p + 2*p, -p - 2*b = 15. Let i = n + p. Is i a prime number?
False
Let w = 500 - -57. Is w composite?
False
Suppose -9*y + 3060 = -4113. Is y a prime number?
True
Let c(r) = 186*r**2 - 2*r - 1. Let k be c(-1). Is k/((-1 - -2)/1) prime?
False
Is ((-122)/(-2))/((9/3)/21) a composite number?
True
Suppose h - 3*h = -5*g + 15, -2*g - 4*h = -6. Let k = g + -2. Let j(a) = 21*a + 1. Is j(k) prime?
False
Let n(q) = q**2 + 4*q + 6. Let m be n(-4). Let 